{"id":20,"date":"2020-12-01T19:43:05","date_gmt":"2020-12-01T19:43:05","guid":{"rendered":"https:\/\/energiematverstand.lu\/wpenergie\/?page_id=20"},"modified":"2021-01-18T12:07:55","modified_gmt":"2021-01-18T12:07:55","slug":"schattenwurf","status":"publish","type":"page","link":"https:\/\/energiematverstand.lu\/wpenergie\/schattenwurf\/","title":{"rendered":"Schattenwurf"},"content":{"rendered":"\n<figure class=\"wp-block-gallery columns-3 is-cropped wp-block-gallery-1 is-layout-flex\"><ul class=\"blocks-gallery-grid\"><li class=\"blocks-gallery-item\"><figure><img decoding=\"async\" loading=\"lazy\" width=\"490\" height=\"653\" src=\"https:\/\/energiematverstand.lu\/wpenergie\/wp-content\/uploads\/2021\/01\/revds.jpg\" alt=\"\" data-id=\"610\" data-link=\"https:\/\/energiematverstand.lu\/wpenergie\/schattenwurf\/revds\/\" class=\"wp-image-610\" srcset=\"https:\/\/energiematverstand.lu\/wpenergie\/wp-content\/uploads\/2021\/01\/revds.jpg 490w, https:\/\/energiematverstand.lu\/wpenergie\/wp-content\/uploads\/2021\/01\/revds-225x300.jpg 225w\" sizes=\"(max-width: 490px) 100vw, 490px\" \/><figcaption class=\"blocks-gallery-item__caption\">Schied vun enger Soler-Wandmillen op der Houschter-D\u00e9ckt!<\/figcaption><\/figure><\/li><li class=\"blocks-gallery-item\"><figure><img decoding=\"async\" loading=\"lazy\" width=\"1024\" height=\"576\" src=\"https:\/\/energiematverstand.lu\/wpenergie\/wp-content\/uploads\/2021\/01\/tbdrt-1024x576.png\" alt=\"\" data-id=\"612\" data-link=\"https:\/\/energiematverstand.lu\/wpenergie\/schattenwurf\/tbdrt\/\" class=\"wp-image-612\" srcset=\"https:\/\/energiematverstand.lu\/wpenergie\/wp-content\/uploads\/2021\/01\/tbdrt-1024x576.png 1024w, https:\/\/energiematverstand.lu\/wpenergie\/wp-content\/uploads\/2021\/01\/tbdrt-300x169.png 300w, https:\/\/energiematverstand.lu\/wpenergie\/wp-content\/uploads\/2021\/01\/tbdrt-768x432.png 768w, https:\/\/energiematverstand.lu\/wpenergie\/wp-content\/uploads\/2021\/01\/tbdrt-1536x864.png 1536w, https:\/\/energiematverstand.lu\/wpenergie\/wp-content\/uploads\/2021\/01\/tbdrt-624x351.png 624w, https:\/\/energiematverstand.lu\/wpenergie\/wp-content\/uploads\/2021\/01\/tbdrt.png 1920w\" sizes=\"(max-width: 1024px) 100vw, 1024px\" \/><figcaption class=\"blocks-gallery-item__caption\">Schied Soler-Wandrad op der Houschter-D\u00e9ckt!<\/figcaption><\/figure><\/li><li class=\"blocks-gallery-item\"><figure><img decoding=\"async\" loading=\"lazy\" width=\"594\" height=\"572\" src=\"https:\/\/energiematverstand.lu\/wpenergie\/wp-content\/uploads\/2021\/01\/Capture16.jpg\" alt=\"\" data-id=\"671\" data-full-url=\"https:\/\/energiematverstand.lu\/wpenergie\/wp-content\/uploads\/2021\/01\/Capture16.jpg\" data-link=\"https:\/\/energiematverstand.lu\/wpenergie\/schattenwurf\/capture16\/\" class=\"wp-image-671\" srcset=\"https:\/\/energiematverstand.lu\/wpenergie\/wp-content\/uploads\/2021\/01\/Capture16.jpg 594w, https:\/\/energiematverstand.lu\/wpenergie\/wp-content\/uploads\/2021\/01\/Capture16-300x289.jpg 300w\" sizes=\"(max-width: 594px) 100vw, 594px\" \/><figcaption class=\"blocks-gallery-item__caption\">Dimensiounen vun der &#8220;Bierdener Wandmillen&#8221; <\/figcaption><\/figure><\/li><\/ul><\/figure>\n\n\n<p>\u00a0Steet eng Wandmillen t\u00ebschent der Sonn an den Haiser, sou entsteet duerch d\u2019Beweegung vun de Pan\u00e9ilen (Flilleken) virun der Sonn ee Schiet, deen \u00abSchlagschatten\u00bb oder och nach \u00abDisco-Flackern\u00bb genannt g\u00ebtt. Bei eiser Wandmille vun 230 m H\u00e9icht ass d\u00ebse periodeschen \u00abSchlagschatten\u00bb er\u00e9ischt no <strong>2 km Distanz<\/strong> zu der Anlag net m\u00e9i ze mierken. D\u2019Berechnunge vun den CSD Ingenieuren erginn, datt d\u2019Leit vu Bierden an der Moyenne 20-55 Deeg am Joer mat dem Schiet geplot sinn. ProSolut S.A. (beoptraagt vum Promoteur) f\u00e9iert am Kommodo-Inkommodo Text un: \u00ab \u2026keine Grenzwert\u00fcberschreitungen zu erwarten sind und die Anlage nicht mit einem separaten Schattenmodul auszur\u00fcsten ist.\u00bb Dat kl\u00e9ngt berouegend, mee vu datt de periodesch an z\u00e4itweis permanenten \u00abSchattenwurf\u00bb eng Belaaschtung fir M\u00ebnsch an D\u00e9ier duerstellt, d\u00e9i tendenziell zu Stress an Oflenkung f\u00e9iert, fuerdere mir, datt den Ofstand m\u00e9i w\u00e9i 750 m muss hunn.<\/p>\n<p>Vu datt genau ew\u00e9i beim Schall et och beim \u00abSchattenwurf\u00bb keng Laangz\u00e4itstudie g\u00ebtt, d\u00e9i \u00ebnnersichen, wat d\u2019Grenze vun der Belaaschtung solle\/k\u00ebnne sinn, ass et m\u00e9i w\u00e9i verwonnerlech, datt et Grenzw\u00e4erter vun 30 Stonne pro Joer an 30 Minutte pro Dag ginn, wou de Schiet <strong>d\u00e4erf <\/strong>d\u2019Leit bel\u00e4stegen! Firwat sinn 30 Minutten Schiet pro Dag oder 30 Stonne pro Joer erlaabt a bedeite keng Belaaschtung fir d\u2019Bewunner? W\u00e9i eng Et\u00fcd soen dat aus?<\/p>\n<p>Wa Medezinner bei engem geplangte Wandpark an Nordd\u00e4itschland argument\u00e9ieren,datt <em>\u00ab\u2026solche Faktoren wie Infraschall, Schattenwurf und Stroboskopeffekte, die durch Rotoren auftreten, stressverst\u00e4rkend auf die Patienten einwirken.\u00bb <\/em>da sollten dach an eisen An d\u2019Politiker sou r\u00e4sonabel sinn, an dofir suergen, datt dem M\u00ebnsch seng Gesondheet maximal am Fokus steet. Well w\u00e9i schreift d\u2019Madame Dieschbourg an enger \u00c4ntwert zu enger parlamentarescher Ufro vum H\u00e4r Kartheiser: \u00ab<em>Bei der Genehmigung von Windkraftanlagen <\/em><strong><em>muss ausgeschlossen sein<\/em><\/strong><em>, dass diese negative Auswirkungen auf Menschen haben, etwa durch Brummen, Infraschall oder Schattenschlag.\u201c <\/em>(Journal 21.05.2015)<em><br \/><\/em><\/p>\n<p>De \u201eSchattenwurf\u201c w\u00e4ert also statistesch gesinn bei d\u00ebser geplangte Wandanlag zimmlech heefeg optrieden. Well en och an den Haiser selwer duerch d\u2019F\u00ebnsteren an d\u2019Dieren wouer geholl g\u00ebtt, ass den Openthalt an deene Raim eng gesondheetlech Belaaschtung, d\u00e9i w\u00e4it ewech ass vun der <strong>WHO <\/strong>hirer Recommandatioun vun \u201e<em>Gesundheit\u00a0ist ein Zustand vollst\u00e4ndigen k\u00f6rperlichen, psychischen und sozialen Wohlbefindens und nicht nur das Freisein von Beschwerden und Krankheit.\u201c<\/em><\/p>\n<p>Dernieft ass di Wandmillen och nach mat Luuchten ausstaff\u00e9iert, d\u00e9i daagsiwwer w\u00e4iss a nuets rout w\u00e4erte rhythmesch bl\u00e9nken. D\u00ebsem periodesche Gebl\u00e9nks ass r\u00ebm eng K\u00e9ier net ze entkommen an dat suergt virun allem nuets zu enger weiderer optescher Liichtverschmotzung.<\/p>\n\n\n<div class=\"wp-block-group alignwide\"><div class=\"wp-block-group__inner-container is-layout-flow\">\n<div class=\"wp-block-columns is-layout-flex wp-container-4\">\n<div class=\"wp-block-column is-layout-flow\" style=\"flex-basis:100%\">\n<figure class=\"wp-block-video\"><video autoplay controls poster=\"\" src=\"https:\/\/energiematverstand.lu\/wpenergie\/wp-content\/uploads\/2020\/12\/IMG_6174-2.mov\"><\/video><\/figure>\n\n\n\n<p><span style=\"color:#fa080c\" class=\"has-inline-color\"><em>Schied vun enger <\/em>Wandmillen (192,5m h\u00e9ich an 1 km Distanz zu den H\u00e4iser) op der Houschter-D\u00e9ckt am November 2020. <strong>De Schied geet duerch de Leit hir Stuff!<\/strong> Sou ges\u00e4it herno d&#8217;Wierklechkeet aus am G\u00e9igesaz zu den offiziellen Et\u00fcden! D\u00ebs Anlag gouf och vu SOLER (der Firma, d\u00e9i d&#8217;Wandmillen viru Bierden opriichten well) install\u00e9iert!<\/span><\/p>\n<\/div>\n<\/div>\n<\/div><\/div>\n\n\n\n<p><span class=\"has-inline-color has-blue-color\"><strong>Weider Videooponamen zum Thema:<\/strong><\/span><\/p>\n\n\n\n<p><a href=\"https:\/\/youtu.be\/pa1rBsf5PLI \">https:\/\/youtu.be\/pa1rBsf5PLI <\/a><\/p>\n","protected":false},"excerpt":{"rendered":"<p>\u00a0Steet eng Wandmillen t\u00ebschent der Sonn an den Haiser, sou entsteet duerch d\u2019Beweegung vun de Pan\u00e9ilen (Flilleken) virun der Sonn ee Schiet, deen \u00abSchlagschatten\u00bb oder och nach \u00abDisco-Flackern\u00bb genannt g\u00ebtt. Bei eiser Wandmille vun 230 m H\u00e9icht ass d\u00ebse periodeschen \u00abSchlagschatten\u00bb er\u00e9ischt no 2 km Distanz zu der Anlag net m\u00e9i ze mierken. D\u2019Berechnunge vun [&hellip;]<\/p>\n","protected":false},"author":5,"featured_media":0,"parent":0,"menu_order":0,"comment_status":"closed","ping_status":"closed","template":"","meta":[],"_links":{"self":[{"href":"https:\/\/energiematverstand.lu\/wpenergie\/wp-json\/wp\/v2\/pages\/20"}],"collection":[{"href":"https:\/\/energiematverstand.lu\/wpenergie\/wp-json\/wp\/v2\/pages"}],"about":[{"href":"https:\/\/energiematverstand.lu\/wpenergie\/wp-json\/wp\/v2\/types\/page"}],"author":[{"embeddable":true,"href":"https:\/\/energiematverstand.lu\/wpenergie\/wp-json\/wp\/v2\/users\/5"}],"replies":[{"embeddable":true,"href":"https:\/\/energiematverstand.lu\/wpenergie\/wp-json\/wp\/v2\/comments?post=20"}],"version-history":[{"count":21,"href":"https:\/\/energiematverstand.lu\/wpenergie\/wp-json\/wp\/v2\/pages\/20\/revisions"}],"predecessor-version":[{"id":1150,"href":"https:\/\/energiematverstand.lu\/wpenergie\/wp-json\/wp\/v2\/pages\/20\/revisions\/1150"}],"wp:attachment":[{"href":"https:\/\/energiematverstand.lu\/wpenergie\/wp-json\/wp\/v2\/media?parent=20"}],"curies":[{"name":"wp","href":"https:\/\/api.w.org\/{rel}","templated":true}]}}