{"id":45,"date":"2020-12-01T20:47:46","date_gmt":"2020-12-01T20:47:46","guid":{"rendered":"https:\/\/energiematverstand.lu\/wpenergie\/?page_id=45"},"modified":"2021-03-26T13:07:18","modified_gmt":"2021-03-26T13:07:18","slug":"member-ginn","status":"publish","type":"page","link":"https:\/\/energiematverstand.lu\/wpenergie\/member-ginn\/","title":{"rendered":"Member ginn!"},"content":{"rendered":"\n<figure class=\"wp-block-image size-large\"><img decoding=\"async\" loading=\"lazy\" width=\"807\" height=\"1019\" src=\"https:\/\/energiematverstand.lu\/wpenergie\/wp-content\/uploads\/2021\/02\/387908urfhe.jpg\" alt=\"\" class=\"wp-image-1311\" srcset=\"https:\/\/energiematverstand.lu\/wpenergie\/wp-content\/uploads\/2021\/02\/387908urfhe.jpg 807w, https:\/\/energiematverstand.lu\/wpenergie\/wp-content\/uploads\/2021\/02\/387908urfhe-238x300.jpg 238w, https:\/\/energiematverstand.lu\/wpenergie\/wp-content\/uploads\/2021\/02\/387908urfhe-768x970.jpg 768w, https:\/\/energiematverstand.lu\/wpenergie\/wp-content\/uploads\/2021\/02\/387908urfhe-624x788.jpg 624w\" sizes=\"(max-width: 807px) 100vw, 807px\" \/><\/figure>\n\n\n\n<p class=\"has-text-align-center\" style=\"font-size:24px\"><strong><span style=\"color:#21759b\" class=\"tadv-color\">Merci villmools fir \u00c4r \u00cbnnerst\u00ebtzung!<\/span><\/strong><\/p>\n\n\n\n<h2 style=\"text-align: center;\"><a href=\"https:\/\/energiematverstand.lu\/wpenergie\/firwat-member-ginn\/\">Firwat Member ginn?<\/a><\/h2>\n","protected":false},"excerpt":{"rendered":"<p>Merci villmools fir \u00c4r \u00cbnnerst\u00ebtzung! Firwat Member ginn?<\/p>\n","protected":false},"author":5,"featured_media":0,"parent":0,"menu_order":0,"comment_status":"closed","ping_status":"closed","template":"","meta":[],"_links":{"self":[{"href":"https:\/\/energiematverstand.lu\/wpenergie\/wp-json\/wp\/v2\/pages\/45"}],"collection":[{"href":"https:\/\/energiematverstand.lu\/wpenergie\/wp-json\/wp\/v2\/pages"}],"about":[{"href":"https:\/\/energiematverstand.lu\/wpenergie\/wp-json\/wp\/v2\/types\/page"}],"author":[{"embeddable":true,"href":"https:\/\/energiematverstand.lu\/wpenergie\/wp-json\/wp\/v2\/users\/5"}],"replies":[{"embeddable":true,"href":"https:\/\/energiematverstand.lu\/wpenergie\/wp-json\/wp\/v2\/comments?post=45"}],"version-history":[{"count":16,"href":"https:\/\/energiematverstand.lu\/wpenergie\/wp-json\/wp\/v2\/pages\/45\/revisions"}],"predecessor-version":[{"id":1536,"href":"https:\/\/energiematverstand.lu\/wpenergie\/wp-json\/wp\/v2\/pages\/45\/revisions\/1536"}],"wp:attachment":[{"href":"https:\/\/energiematverstand.lu\/wpenergie\/wp-json\/wp\/v2\/media?parent=45"}],"curies":[{"name":"wp","href":"https:\/\/api.w.org\/{rel}","templated":true}]}}