{"id":479,"date":"2020-12-22T10:52:35","date_gmt":"2020-12-22T10:52:35","guid":{"rendered":"https:\/\/energiematverstand.lu\/wpenergie\/?page_id=479"},"modified":"2021-01-28T20:26:27","modified_gmt":"2021-01-28T20:26:27","slug":"energiewend","status":"publish","type":"page","link":"https:\/\/energiematverstand.lu\/wpenergie\/energiewend\/","title":{"rendered":"Wandenergie zu L\u00ebtzebuerg"},"content":{"rendered":"<p><strong><img decoding=\"async\" loading=\"lazy\" class=\"wp-image-597 alignleft\" src=\"https:\/\/energiematverstand.lu\/wpenergie\/wp-content\/uploads\/2020\/12\/cropped-ein-bild-das-himmel-draussen-outdoorobjekt-wind.jpeg\" alt=\"\" width=\"204\" height=\"204\" srcset=\"https:\/\/energiematverstand.lu\/wpenergie\/wp-content\/uploads\/2020\/12\/cropped-ein-bild-das-himmel-draussen-outdoorobjekt-wind.jpeg 512w, https:\/\/energiematverstand.lu\/wpenergie\/wp-content\/uploads\/2020\/12\/cropped-ein-bild-das-himmel-draussen-outdoorobjekt-wind-300x300.jpeg 300w, https:\/\/energiematverstand.lu\/wpenergie\/wp-content\/uploads\/2020\/12\/cropped-ein-bild-das-himmel-draussen-outdoorobjekt-wind-150x150.jpeg 150w, https:\/\/energiematverstand.lu\/wpenergie\/wp-content\/uploads\/2020\/12\/cropped-ein-bild-das-himmel-draussen-outdoorobjekt-wind-270x270.jpeg 270w, https:\/\/energiematverstand.lu\/wpenergie\/wp-content\/uploads\/2020\/12\/cropped-ein-bild-das-himmel-draussen-outdoorobjekt-wind-192x192.jpeg 192w, https:\/\/energiematverstand.lu\/wpenergie\/wp-content\/uploads\/2020\/12\/cropped-ein-bild-das-himmel-draussen-outdoorobjekt-wind-180x180.jpeg 180w, https:\/\/energiematverstand.lu\/wpenergie\/wp-content\/uploads\/2020\/12\/cropped-ein-bild-das-himmel-draussen-outdoorobjekt-wind-32x32.jpeg 32w\" sizes=\"(max-width: 204px) 100vw, 204px\" \/><\/strong><\/p>\n<p style=\"text-align: left;\">Eis Regierung huet sech bis 2030 respektiv 2050 ganz ambiti\u00e9is Ziler a punkto Reduz\u00e9ierung vun den Z\u00e4regasen gesat. Well d\u00ebs Ziler virun allem mat \u00abgr\u00e9nger\u00bb Energie realis\u00e9iert solle ginn, ass et wichteg fir ee Bl\u00e9ck op ee vun deenen \u00abgr\u00e9ngen\u00bb Pilieren ze werfen: d\u2019Wandenergie. Vu politescher S\u00e4it g\u00ebtt eng Energieform propag\u00e9iert, d\u00e9i lues a lues eng Kulturlandschaft, d\u00e9i iwwert laang Z\u00e4it gewuess ass, an eng Industrielandschaft \u00ebmmodul\u00e9iert.<\/p>\n<p>Zu L\u00ebtzebuerg stinn am Moment (Enn 2020) ronn 70 Wandmillen, d\u00e9i 2019 (no ILR Stand 2020) \u00ebm 280 Gigawattstonne Stroum produz\u00e9iert hunn, wat een Undeel vun engem hallwe Prozent vum Endenergieverbrauch ausm\u00e9cht oder 4% vun eisem Stroumverbrauch. Mat engem weideren Ausbau an der Rumm vum Klimaplang 2030 respektiv 2040 g\u00e9if dat dann 1% respektiv 2,3% vum Gesamtenergieverbrauch ausmaachen, an da g\u00e9ifen e puer honnert Wandmillen uerchtert d\u2019Land stoen. No Berechnunge br\u00e4icht ee ronn 2500 Wandmille vun 3 Megawatt fir n\u00ebmmen eisen haitege Stroumbedarf ze decken, an dee m\u00e9cht just 13% vum Gesamtenergiebedarf aus!<\/p>\n<p>Do stelle mir eis natierlech Froe, wat fir Konsequenzen esou ee massiven Ausbau vu Wandmillen op eis \u00cbmwelt, Gesondheet a Landschaft w\u00e4ert hunn? Een \u00ebffentlechen Debat iwwert den Notzen an de Schued vu Wandstroum ass m\u00e9i w\u00e9i noutwendeg, wa mir net w\u00e9i eis d\u00e4itsch Nopere mat hirer \u00abEnergiewend\u00bb an eng Sakgaass w\u00eblle steieren.<\/p>\n<p>Eis Politik h\u00e4lt stuer un hirem Narrativ vun der gr\u00e9nger \u00abSuccess-Story\u00bb fest, obwuel si weeder energetesch s\u00ebnnvoll, nach ekonomesch rentabel ass. D\u2019Vollek kritt virgegaukelt, datt ee mat Solar- a Wandstroum eng Zort Komplettl\u00e9isung h\u00e4tt fir eng s\u00e9cher Energieversuergung, eng propper \u00cbmwelt an eng nohalteg Klimapolitik.<\/p>\n<p>Kritik un der Wandenergie ass tabu, w\u00ebssenschaftlech Erkenntnisser ginn ignor\u00e9iert oder aus dem Kontext gerappt, Temoignag\u00eb vu Betraffene ginn net geh\u00e9iert a mam NIMBY-Argument ginn d\u2019Kritiker diffam\u00e9iert. Dob\u00e4i heeft sech de Widderstand am In- an Ausland: Biergerinitiativen, Natursch\u00fctzer, Medezinner, Akustiker an Energiefachleit melle sech zu Wuert fir g\u00e9int eng onkritesch an ees\u00e4iteg Energiepolitik ze protest\u00e9ieren, d\u00e9i der naiver Virstellung unh\u00e4nkt, Flatterstroum k\u00ebnnt bei Flauten zu enger zouverl\u00e4sseger Stroumversuergung b\u00e4idroen.<a href=\"https:\/\/energiematverstand.lu\/wpenergie\/wp-content\/uploads\/2021\/01\/Capture26.jpg\" target=\"_blank\" rel=\"noopener\"><img decoding=\"async\" loading=\"lazy\" class=\"alignright wp-image-811\" src=\"https:\/\/energiematverstand.lu\/wpenergie\/wp-content\/uploads\/2021\/01\/Capture26.jpg\" alt=\"\" width=\"317\" height=\"211\" srcset=\"https:\/\/energiematverstand.lu\/wpenergie\/wp-content\/uploads\/2021\/01\/Capture26.jpg 720w, https:\/\/energiematverstand.lu\/wpenergie\/wp-content\/uploads\/2021\/01\/Capture26-300x200.jpg 300w, https:\/\/energiematverstand.lu\/wpenergie\/wp-content\/uploads\/2021\/01\/Capture26-624x416.jpg 624w\" sizes=\"(max-width: 317px) 100vw, 317px\" \/><\/a><\/p>\n<p>D\u2019Realit\u00e9it vun der Wandenergie zu L\u00ebtzebuerg (net n\u00ebmme bei eis ass et esou) weist sech an enger mangelnder Versuergungss\u00e9cherheet, an enger net ekonomesch s\u00ebnnvoller Bezuelbarkeet, an an enger h\u00e9ijer Belaaschtung vu Fauna a Flora inklusiv vun eis M\u00ebnschen.<\/p>\n<p>Et wier esou lues un der Z\u00e4it, wann net n\u00ebmmen eis Politiker, mee och eis Medien sech verst\u00e4erkt mat de Problematike vun engem forc\u00e9ierten Ausbau vun der volatiller Wandkraaft ausernee g\u00e9ife setzen!<\/p>\n<p>Eis Asbl \u201eEnergie mat Verstand\u201c ass ganz averstane mam Grondgedanke vun der <strong>WHO<\/strong>: \u201e<strong>Gesundheit&nbsp;ist ein Zustand vollst\u00e4ndigen k\u00f6rperlichen, psychischen und sozialen Wohlbefindens und nicht nur das Freisein von Beschwerden und Krankheit.<\/strong>\u201c<\/p>\n<p><\/p>\n\n\n<p><span class=\"has-inline-color has-blue-color\"><strong>Literatur zum Thema vum Pol Heinen: <\/strong><\/span><\/p>\n\n\n\n<div class=\"wp-block-file\"><a href=\"https:\/\/energiematverstand.lu\/wpenergie\/wp-content\/uploads\/2021\/01\/PH_04.pdf\" target=\"_blank\" rel=\"noreferrer noopener\">Integratioun vu regenerativen Energien mat Fokus op d&#8217;Wandenergie<\/a><\/div>\n\n\n\n<div class=\"wp-block-file\"><a href=\"https:\/\/energiematverstand.lu\/wpenergie\/wp-content\/uploads\/2021\/01\/PH_02.pdf\" target=\"_blank\" rel=\"noreferrer noopener\">Corona Lockdown a regenerativ Propaganda<\/a><\/div>\n\n\n\n<div class=\"wp-block-file\"><a href=\"https:\/\/energiematverstand.lu\/wpenergie\/wp-content\/uploads\/2021\/01\/PH_03.pdf\" target=\"_blank\" rel=\"noreferrer noopener\">Zur Ofwiesslung kee Coronavirus&#8230; m\u00e4 e potenziellen \u00cbmweltskandal<\/a><\/div>\n\n\n\n<p><a href=\"https:\/\/www.rtl.lu\/meenung\/lieserbreiwer\/a\/1599168.html\" target=\"_blank\" rel=\"noreferrer noopener\">Ambiti\u00e9is Ziler oder Klimaplacebo mat Niewewierkungen?<\/a><\/p>\n\n\n\n<p><a href=\"https:\/\/www.rtl.lu\/meenung\/lieserbreiwer\/a\/1615517.html\" target=\"_blank\" rel=\"noreferrer noopener\">Eng &#8220;stralend&#8221; Zukunft fir de Waasserstoff<\/a><\/p>\n\n\n\n<p><span class=\"has-inline-color has-blue-color\"><strong>Weiderf\u00e9ierend Literatur zum Thema Energiewend:<\/strong><\/span><\/p>\n\n\n\n<div class=\"wp-block-file\"><a href=\"https:\/\/energiematverstand.lu\/wpenergie\/wp-content\/uploads\/2021\/01\/Deutscher_Arbeitgeber_Verband-Das_Ende_der_Energiewende_25042019.pdf\" target=\"_blank\" rel=\"noreferrer noopener\">Warum wir einen Neustart in der Energiepolitik ben\u00f6tigen<\/a><\/div>\n\n\n\n<div class=\"wp-block-file\"><a href=\"https:\/\/energiematverstand.lu\/wpenergie\/wp-content\/uploads\/2021\/01\/EW_02.pdf\" target=\"_blank\" rel=\"noreferrer noopener\">Gedanken zur Gestaltung einer zukunftsf\u00e4higen Energiegewinnung<\/a><\/div>\n\n\n\n<div class=\"wp-block-file\"><a href=\"https:\/\/energiematverstand.lu\/wpenergie\/wp-content\/uploads\/2021\/01\/EW_03.pdf\" target=\"_blank\" rel=\"noreferrer noopener\">Dunkelflaute &#8211; Die Wende am Ende?<\/a><\/div>\n\n\n\n<div class=\"wp-block-file\"><a href=\"https:\/\/energiematverstand.lu\/wpenergie\/wp-content\/uploads\/2021\/01\/klima_12.pdf\" target=\"_blank\" rel=\"noreferrer noopener\">Energiewende &#8211; ein ideologisches Projekt &#8211; untauglich in jeder Beziehung<\/a><\/div>\n\n\n\n<div class=\"wp-block-file\"><a href=\"https:\/\/energiematverstand.lu\/wpenergie\/wp-content\/uploads\/2021\/01\/sauberer_strom_massen_luxwort_Jul10.pdf\" target=\"_blank\" rel=\"noreferrer noopener\">Sauberer Strom, schwachprozentig? (Francis Massen)<\/a><\/div>\n","protected":false},"excerpt":{"rendered":"<p>Eis Regierung huet sech bis 2030 respektiv 2050 ganz ambiti\u00e9is Ziler a punkto Reduz\u00e9ierung vun den Z\u00e4regasen gesat. Well d\u00ebs Ziler virun allem mat \u00abgr\u00e9nger\u00bb Energie realis\u00e9iert solle ginn, ass et wichteg fir ee Bl\u00e9ck op ee vun deenen \u00abgr\u00e9ngen\u00bb Pilieren ze werfen: d\u2019Wandenergie. Vu politescher S\u00e4it g\u00ebtt eng Energieform propag\u00e9iert, d\u00e9i lues a lues [&hellip;]<\/p>\n","protected":false},"author":5,"featured_media":0,"parent":0,"menu_order":0,"comment_status":"closed","ping_status":"closed","template":"","meta":[],"_links":{"self":[{"href":"https:\/\/energiematverstand.lu\/wpenergie\/wp-json\/wp\/v2\/pages\/479"}],"collection":[{"href":"https:\/\/energiematverstand.lu\/wpenergie\/wp-json\/wp\/v2\/pages"}],"about":[{"href":"https:\/\/energiematverstand.lu\/wpenergie\/wp-json\/wp\/v2\/types\/page"}],"author":[{"embeddable":true,"href":"https:\/\/energiematverstand.lu\/wpenergie\/wp-json\/wp\/v2\/users\/5"}],"replies":[{"embeddable":true,"href":"https:\/\/energiematverstand.lu\/wpenergie\/wp-json\/wp\/v2\/comments?post=479"}],"version-history":[{"count":33,"href":"https:\/\/energiematverstand.lu\/wpenergie\/wp-json\/wp\/v2\/pages\/479\/revisions"}],"predecessor-version":[{"id":1905,"href":"https:\/\/energiematverstand.lu\/wpenergie\/wp-json\/wp\/v2\/pages\/479\/revisions\/1905"}],"wp:attachment":[{"href":"https:\/\/energiematverstand.lu\/wpenergie\/wp-json\/wp\/v2\/media?parent=479"}],"curies":[{"name":"wp","href":"https:\/\/api.w.org\/{rel}","templated":true}]}}